) + -3 + (2 - 0).
3
What is the value of (4 - 3 - 5) + 3?
-1
(-8 - -5) + -1 + 3
-1
-9 + -1 - 2 - -20
8
What is (-1 - 5) + -1 + 2?
-5
What is -7 + 5 + 0 + -1?
-3
Evaluate -2 - (4 - -1) - (-33 + 29).
-3
What is 0 - -1 - ((-4 - -2) + 4)?
-1
Evaluate (5 - -1 - (5 + -3)) + -2.
2
Calculate -7 + -3 + 2 + 5.
-3
Evaluate (1 - (5 - 4)) + (-4 - -4).
0
-13 - (6 + (-8 - 7))
-4
Evaluate (1 - -2) + (4 - (-1 + 7)).
1
21 - 9 - 9 - (-1 - -9)
-5
0 + 5 - (38 + -37)
4
Calculate (3 - (-6 - -1)) + -7.
1
Evaluate -7 + 1 + -1 - -2.
-5
Evaluate (18 - (9 + -2)) + (7 - 13).
5
What is the value of -17 - -10 - (-5 + -1)?
-1
What is -2 - (-6 + 8 - -1)?
-5
-9 + 1 - (4 + -4)
-8
2 + 1 - (-1 + 4 - 0)
0
Evaluate 3 - 2 - (-1 + 2) - 1.
-1
Calculate 4 - (0 - (2 - 5)).
1
Calculate -1 - ((3 - (-3 - -5)) + 2).
-4
1 + (-1 - 10 - (-35 - -32))
-7
What is the value of 2 + 8 - (6 - 3) - 3?
4
2 - (8 - -1) - -9
2
Calculate -10 + (3 - 5) + 7.
-5
What is the value of -9 + -7 + 0 + 10?
-6
Calculate -3 - (-9 - (7 - 17)).
-4
What is the value of 18 + -15 + 6 - 15?
-6
What is the value of 3 + (-2 - -4) + -6?
-1
What is the value of -6 + 4 + (7 - 0)?
5
What is -4 + 2 + -14 + 15?
-1
What is the value of 5 + (-6 - (-3 + 8 - 8))?
2
Calculate 10 + -5 + -10 - -5.
0
Calculate 1 + 3 + (13 - 18).
-1
6 + 1 - (-8 - -10)
5
3 + 0 - (6 - (-2 - -2))
-3
4 + (-2 - -4 - 1 - 2)
3
Evaluate -29 + 31 - ((1 - 2) + 0).
3
-7 + 10 + 3 + -5 + 2
3
Calculate -31 + 32 + (1 - -2).
4
What is the value of -9 + (-4 - (4 - 13))?
-4
Evaluate 4 + 6 + -3 - (1 + 0).
6
What is the value of 1 - -1 - 7 - (-27 + 17)?
5
What is the value of -5 + (3 - (-17 + 9))?
6
Calculate -6 + (19 + -6 - (0 - -2)).
5
Evaluate (0 - (8 - 6)) + (2 - 0).
0
What is (-1 - -2) + 4 + (-4 - 2)?
-1
What is the value of -1 - (3 + -3) - (-13 + 11)?
1
What is 2 - (7 - 17 - -19)?
-7
What is the value of (-2 - -3) + (-2 - (0 - 2))?
1
What is the value of (-2 - -3) + (-26 - -22)?
-3
What is -6 + (0 - (-4 - -3))?
-5
What is the value of -7 - (3 - (5 - 0))?
-5
What is (0 - 7) + -4 + 8?
-3
What is the value of 5 - (-1 - -7 - -8 - 6)?
-3
What is the value of -4 + 3 + 4 - 0?
3
Calculate 1 + -3 + (-3 - -4).
-1
Calculate 6 + 2 - (15 - -1).
-8
Evaluate (0 - 3) + 5 + 2.
4
(12 - 0 - 17) + 8 + -1
2
What is 4 - ((-3 - -1) + 3 + -4)?
7
What is (-7 + 4 + 13 - 4) + 1?
7
What is the value of -1 + (-5 - -1) - -4?
-1
What is the value of 0 + 0 + -1 + -2 + 7?
4
Evaluate 4 + -2 + (18 - 12).
8
What is the value of 0 - (4 + -2 + 0)?
-2
What is -13 + (-1 + 11 - (7 + -2))?
-8
Calculate -9 + 1 - (102 + -107).
-3
Evaluate 8 + (1 - 3) + 1 + -17.
-10
Calculate (4 - -4) + -1 + -2.
5
Evaluate (10 - 20) + 12 + (-3 - -2).
1
Evaluate (0 - -4) + -6 + 7 - -1.
6
What is the value of 2 + (0 - -7 - (-1 - -4))?
6
What is the value of 1 + -2 + -7 + 4 + 3?
-1
What is the value of -14 - -10 - ((-11 - -1) + -3)?
9
What is the value of (-7 - -10) + (-1 - 1) + 4?
5
What is -7 + 0 + 11 + 1?
5
(-18 + 14 - 3) + (-2 - -1)
-8
Evaluate (0 - 4) + (-14 - -13).
-5
Evaluate 7 - (24 - (11 - 1)).
-7
Evaluate 4 - 1 - 2 - 0.
1
What is the value of 0 + 6 + (-15 - -21 - 5)?
7
0 + -6 + (11 - 7)
-2
0 - (-6 - -3) - 4
-1
1 + (4 - 6) + 1
0
9 + (1 + -4 - 1)
5
What is the value of (-1 - -4) + 9 + -9?
3
What is the value of 8 + 1 + -18 + (-6 - -9)?
-6
What is -3 - (-2 + -1) - 0?
0
Evaluate 6 - (11 - (6 + 3)).
4
(-2 - -2) + (-3 - -2)
-1
-7 - -13 - (1 + 8)
-3
What is (-2 - -5) + 4 + 2 + -4?
5
6 + -1 - (-5 + 6)
4
What is the value of -5 - -1 - (1 - 0)?
-5
What is the value of (24 - 30) + (0 - (-9 - 1))?
4
(-6 + -1 - -3) + 1
-3
Calculate (-8 - -6) + 16 - 6.
8
-2 + -1 + (-45 - -54)
6
What is the value of -3 + (0 + 4 + -2 - 2)?
-3
Evaluate -3 + 1 + 7 + -3 - 4.
-2
Calculate -6 - (-5 - -6 - -3 - 5).
-5
What is 6 - (-4 - (4 + -13))?
1
Evaluate -1 + (-7 - -2) + (-1 - -1).
-6
354 + -356 + (0 - 0) + -7
-9
2 - -4 - 5 - (21 + -13)
-7
-14 + 13 - (9 - 0 - 3)
-7
Evaluate -1 + (2 - 2) + 1.
0
What is the value of -21 + 23 - (-1 - -2) - 5?
-4
Evaluate -2 - 1 - (43 - 54).
8
Calculate (6 - 4) + (-1 - -1).
2
3 - (-3 + 4 + -3)
5
What is the value of (1 - 6 - (1 + -12)) + -5?
1
Evaluate -7 + 2 + -6 + 7.
-4
What is 1 - 1 - -2 - (3 + 0)?
-1
Calculate 4 + 0 - (-2 + 15).
-9
0 + 1 - (2 - (2 - -3))
4
What is the value of 10 + (-8 + 1 - -2)?
5
What is the value of (3 - -1) + (8 - 7)?
5
Calculate -8 + 5 + 5 - (-1 - -1).
2
Calculate 3 + 3 + -4 + 1.
3
Calculate 0 + (-4 - -3) - 2.
-3
What is (-4 - -4) + 16 - 9?
7
What is the value of -7 + 1 + (7 - -1) + -5?
-3
Evaluate 6 + (-2 - (3 - 2)).
3
What is -8 - (1 + (0 - 2))?
-7
What is the value of -7 + (-2 + 7 - 1)?
-3
4 + 2 + 2 + -4 - -1
5
What is the value of 2 - (5 + -1 - -2)?
-4
What is the value of -9 + (2 - 1) + 2?
-6
What is 8 - (-2 + 6) - 0?
4
Evaluate 0 + 7 + 3 - 5.
5
Calculate -16 + 6 + (-1 - -7).
-4
Calculate -2 + (2 - (-2 - -2)).
0
Evaluate -2 + 1 + 3 + 0 + 0.
2
Calculate -43 + 38 + -2 + 9.
2
Evaluate 3 + 1 + -21 + 13.
-4
3 + (-5 - -1 - -1)
0
What is the value of -3 + 4 + 1 + 3?
5
What is the value of 13 + 5 + 2 + -12?
8
What is (-8 - -3) + (4 - 0)?
-1
5 - (12 + -1 + -4)
-2
What is -11 + 4 + 3 + 11 + -2?
5
Calculate -4 + 11 - (-2 + 1 + 3).
5
0 + -3 + (1 - (-4 - -2))
0
What is the value of (7 - (-2 + 3)) + -155 + 155?
6
Evaluate -2 - -4 - (6 - 2).
-2
Evaluate 7 - (2 - -6) - -3.
2
What is (-14 - (-5 + -7)) + (0 - -3)?
1
What is the value of 5 - (6 + 0 + (2 - 5))?
2
Evaluate 10 - (2 + 1) - 2.
5
What is 2 + ((0 - 4) + 8 - 1)?
5
What is the value of 4 - (1 + 2 + 7)?
-6
1 + 0 + (-2 - -6)
5
Calculate (-14 - -8) + 0 + 0.
-6
-5 + 6 + -1 + -8 + 3
-5
What is the value of 5 + (7 - (-6 - (-6 + -6)))?
6
-7 + (1 - (-1 - 0) - 0)
-5
2 - (-2 + 4 - -4 - 0)
-4
(7 - 7) + -1 + -4
-5
What is the value of 3 + 1 + (7 - 8)?
3
What is the value of 0 - (0 + -2 - (-6 - -5))?
1
What is -20 - -23 - (2 + 0)?
1
7 - (0 + 2) - (0 + 2)
3
0 + (3 - 4) + -2 - -3
0
What is the value of -10 - -14 - (0 - -1 - 4)?
7
What is -1 - (2 + -1 + -1 + -3)?
2
What is -2 + -1 + (4 - 0)?
1
Evaluate (4 - (3 - 9)) + -10.
0
Evaluate -1 + (4 - (7 - 1)) + 2.
-1
Calculate (3 - 0 - -1) + (-12 - -7).
-1
What is -2 + -1 + -1 + 4?
0
13 + -11 - (-2 - -3)
1
0 + 11 - (-2 - (-13 + 5))
5
Evaluate -9 - 2 - -7 - (2 - -4).
-10
Calculate -4 - -8 - (3 + 3).
-2
What is the value of (4 - 1) + (-6 - 0 - -2)?
-1
(1 - -2) + (4 - 11)
-4
What is the value of -8 + (17 - 1) + -3?
5
What is the value of 4 + (-4 - (5 - 7)) + -3?
-1
Evaluate (-1 - 0) + (0 - (3 + -5)).
1
Evaluate (-2 - -1) + (-5 - (-9 - -3)).
0
What is -3 + -1 + -2 + 7?
1
14 - ((4 + 12 - 4) + -5)
7
What is the value of 3 + -1 + -13 + -10 + 15?
-6
What is 4 + 7 + (-9 + 6 - 11)?
-3
(-3 - -6) + (3 - 4)
2
What is -3 - (2 + 4 - 6 - -1)?
-4
What is 11 - -4 - (3 - 1 - -5)?
8
What is the value of -7 - -14 - (1 - -1)?
5
(1 - (2 - 0)) + -11 + 15
3
Evaluate -2 + 10 - 16 - (-6 - -1).
-3
Evaluate 11 + -1 + 5 + (7 - 17).
5
Evaluate -33 - -31 - (1 - 3).
0
Evaluate 4 - (-3 + (2 + 0 - 0)).
5
Calculate -1 - (0 - 0 - -2).
-3
Evaluate -4 + 8 + -6 - (4 - 2).
-4
What is the value of (6 - (-7 + -4 - -6)) + -4?
7
-11 + (6 - -1 - 5)
-9
What is -4 + 4 + 0 + -1?
-1
-1 - (3 + (0 - -1))
-5
-6 - -4 - 3 - (-12 - -17)
-10
What is the value of (19 - 13) + -5 - (-1 - -4)?
-2
-3 - ((-31 - -41) + 1 + -8)
-6
What is (2 - 5) + (-2 - -2) + 0?
-3
Calculate (-8 - 3) + 5 + 1.
-5
Evaluate -6 + (6 - 13 - -8).
-5
0 - -10 - ((-1 - -4) + 0)
7
Evaluate -5 + 7 + -3 + 4.
3
What is -11 + -13 + 18 + 6?
0
Evaluate (-5 - -9 - 5) + (-2 - 2).
-5
Calculate (-8 + (3 - -2) - 0) + -5.
-8
What is 2 + 8 + 0 + -5 + -1?
4
What is the value of 0 + -8 + (2 - -3) + -2?
-5
4 + -10 + -4 - (-5 + -1)
-4
Calculate 3 + (2 - -5 - 4 - 7).
-1
What is the value of -8 - (3 + -2 + -9 - -7)?
-7
Evaluate 3 - 5 - -6 - 3.
1
(3 - (-1 - -9) - -5) + -1
-1
-6 - (-1 + -5 - (-5 - 3))
-8
Evaluate -2 - -3 - (6 - 3 - 6).
4
What is the value of 4 - (-1 + 6 + -7)?
6
Calculate 0 - -3 - (3 - 4 - -7).
-3
-1 + 0 + (17 - 19)
-3
Evaluate -2 + 0 + 4 + -1.
1
Evaluate 1 - (-3 + (1 - -2) + -2).
3
Calculate -1 - (8 - (-3 + 4)) - -3.
-5
What is the value of 9 - (14 - (25 - 9))?
11
What is the value of (1 - 11 - -4) + 4 + 0?
-2
What is the value of (-1 - -5) + (3 - (2 + 0))?
5
Calculate 1 - (-4 + 3 + 2) - -2.
2
What is (-3 - (1 + 3)) + 11 + 0?
4
What is (8 + -5 - 5) + 1?
-1
Calculate -3 + 1 + 3 + 1.
2
What is the value of 6 + (-6 - -16 